ltiple of 2018?
True
Is 24 a factor of 35496288?
True
Is 2742 a factor of 203127360?
True
Is 182 a factor of 89268634?
True
Is 72588960 a multiple of 810?
True
Is 12924600 a multiple of 3131?
False
Is 18078239 a multiple of 316?
False
Is 1351573625 a multiple of 5?
True
Does 372 divide 3479701169?
False
Does 18 divide 42340158?
True
Is 4303961 a multiple of 50?
False
Is 1131 a factor of 73306420?
False
Is 309 a factor of 18240579?
True
Does 205 divide 5139490425?
True
Does 62 divide 9698350?
True
Is 32446908 a multiple of 1266?
False
Is 143 a factor of 12699834?
False
Is 115750950 a multiple of 525?
True
Is 4463 a factor of 935721506?
True
Does 10 divide 100847510?
True
Is 23580808 a multiple of 95?
False
Is 3220700308 a multiple of 647?
False
Is 133583853 a multiple of 173?
True
Is 29483411 a multiple of 310?
False
Is 219 a factor of 77856252?
True
Is 134 a factor of 1391510376?
False
Is 792024678 a multiple of 7?
False
Is 23592632 a multiple of 56?
True
Does 27 divide 3255386409?
True
Is 674994251 a multiple of 58?
False
Does 19 divide 291252187?
False
Is 14821608 a multiple of 3?
True
Is 25065951 a multiple of 103?
False
Does 64 divide 41480000?
True
Does 10 divide 93609450?
True
Is 499 a factor of 3042691921?
True
Does 139 divide 137777972?
False
Is 123495640 a multiple of 10?
True
Is 115 a factor of 2218849?
False
Is 115242847 a multiple of 323?
True
Is 996 a factor of 221724692?
False
Is 342789221 a multiple of 34?
False
Is 590928799 a multiple of 12?
False
Is 99 a factor of 30472002?
True
Is 4142715007 a multiple of 422?
False
Is 198 a factor of 577890324?
True
Does 1408 divide 172754884?
False
Is 22 a factor of 33688644?
True
Does 2 divide 844874?
True
Is 4294716934 a multiple of 62?
False
Is 34 a factor of 1276020?
True
Is 5975733 even?
False
Does 11 divide 1167179010?
False
Is 27 a factor of 1365314048?
False
Is 39873774 a multiple of 297?
False
Does 2753 divide 1214326276?
True
Is 774931951 a multiple of 1653?
False
Is 867612681 a multiple of 13?
True
Does 7255 divide 2122341709?
False
Does 342 divide 403640028?
True
Is 290 a factor of 267431040?
True
Is 8712 a factor of 3474850896?
True
Is 104 a factor of 330948072?
True
Is 2528603 a multiple of 24?
False
Is 3549 a factor of 269266467?
False
Does 27 divide 260167761?
True
Is 34297282 a multiple of 2088?
False
Is 3 a factor of 142279220?
False
Is 40 a factor of 235481397?
False
Is 2835140 a multiple of 206?
False
Does 9 divide 1115173413?
True
Is 1988792261 a multiple of 2492?
False
Does 1546 divide 158335281?
False
Is 12114138 a multiple of 37?
False
Does 43 divide 1652779621?
False
Is 49 a factor of 6238876?
True
Is 50352822 a multiple of 475?
False
Does 4579 divide 177109408?
False
Does 1028 divide 311756120?
False
Is 34852106 a multiple of 139?
False
Is 468 a factor of 14866020?
True
Does 40 divide 311369973?
False
Does 1062 divide 66395304?
False
Is 4 a factor of 400811557?
False
Is 72 a factor of 6549480?
True
Does 18 divide 72485295?
False
Is 18611574 a multiple of 28?
False
Is 59 a factor of 36000384?
True
Does 350 divide 126233845?
False
Is 139 a factor of 939295243?
False
Is 249085287 a multiple of 1528?
False
Is 16488040 a multiple of 10?
True
Is 162819993 a multiple of 515?
False
Is 108 a factor of 3673497?
False
Does 174 divide 1323662718?
True
Is 187498416 a multiple of 16?
True
Is 6 a factor of 512178?
True
Does 9 divide 93003714?
True
Does 987 divide 18788660?
False
Is 653783470 a multiple of 4915?
True
Does 61 divide 989572081?
False
Does 234 divide 785528956?
False
Is 6 a factor of 93044562?
True
Is 1492087380 a multiple of 8655?
True
Is 5 a factor of 1787620?
True
Is 28 a factor of 16909879?
False
Is 2735901960 a multiple of 30?
True
Is 1070559730 a multiple of 830?
True
Is 144 a factor of 44472174?
False
Is 535 a factor of 13565995?
True
Is 642198496 a multiple of 4217?
True
Does 251 divide 188527104?
True
Is 191029100 a multiple of 2069?
False
Is 64 a factor of 344916724?
False
Is 41426211 a multiple of 124?
False
Is 140 a factor of 2158237?
False
Is 63 a factor of 446213313?
True
Does 149 divide 11743208?
False
Does 73 divide 7117586?
False
Does 19 divide 364281623?
True
Is 91087239 a multiple of 591?
False
Does 6674 divide 158480804?
True
Does 357 divide 55607391?
True
Is 9 a factor of 24016005?
True
Is 13 a factor of 8891036?
False
Is 245412662 a multiple of 22?
True
Is 3906 a factor of 646646812?
False
Is 144 a factor of 470674080?
True
Is 213350477 a multiple of 5?
False
Is 263 a factor of 291880819?
True
Is 7 a factor of 41464029?
False
Is 685 a factor of 265149930?
False
Is 235347214 a multiple of 41?
False
Is 21116898 a multiple of 198?
True
Is 331 a factor of 6790510?
False
Does 326 divide 3926458573?
False
Is 1697 a factor of 319462928?
False
Is 1037031171 a multiple of 517?
True
Is 13 a factor of 51637125?
False
Is 2078 a factor of 322385076?
True
Is 1230302186 a multiple of 750?
False
Is 10336752 a multiple of 276?
True
Is 21622621 a multiple of 7?
False
Does 10 divide 2453474?
False
Does 26 divide 252184556?
True
Does 46 divide 76810971?
False
Does 82 divide 518413184?
True
Is 12 a factor of 256542864?
True
Does 2424 divide 2086116216?
True
Is 28 a factor of 3477024464?
False
Is 622690873 a multiple of 6349?
True
Does 7 divide 19699610?
True
Is 533503187 a multiple of 7?
True
Does 14 divide 2399864096?
True
Is 1368499113 a multiple of 36?
False
Is 371776768 a multiple of 188?
True
Does 38 divide 871066704?
True
Does 2117 divide 686690675?
False
Is 7 a factor of 33442997?
True
Does 4073 divide 2485507520?
True
Does 9 divide 127430118?
True
Is 37198590 a multiple of 6?
True
Does 1650 divide 7440141?
False
Does 5 divide 4143306?
False
Is 227839533 a multiple of 1394?
False
Is 31 a factor of 54005534?
True
Is 883439973 a multiple of 39?
True
Is 9 a factor of 43674561?
True
Does 235 divide 45773770?
True
Is 62 a factor of 159059016?
True
Does 182 divide 217770831?
False
Is 37259291 a multiple of 2007?
False
Does 82 divide 1200921570?
True
Is 270928973 a multiple of 7?
True
Is 1197 a factor of 764674233?
False
Does 3135 divide 1293886605?
True
Is 850834511 a multiple of 22?
False
Is 250 a factor of 12121750?
True
Is 29495398 a multiple of 2231?
False
Is 565 a factor of 773528505?
True
Is 160 a factor of 64390560?
True
Is 58 a factor of 471185828?
False
Is 93 a factor of 77497409?
False
Is 334979225 a multiple of 1025?
True
Is 16 a factor of 96855344?
True
Is 3243464981 a multiple of 283?
True
Is 20 a factor of 46976880?
True
Does 345 divide 64616719?
False
Does 6 divide 251740686?
True
Is 12 a factor of 3763533912?
True
Is 444753664 a multiple of 256?
True
Is 1159816875 a multiple of 35?
True
Is 1868 a factor of 240611222?
False
Is 281 a factor of 1715094062?
False
Is 21842172 a multiple of 1397?
False
Is 3 a factor of 1270875660?
True
Is 11 a factor of 20100560?
False
Is 952 a factor of 11106755?
False
Does 28 divide 13898836?
True
Does 2550 divide 22980600?
True
Is 61389702 a multiple of 159?
False
Is 78 a factor of 62275668?
True
Does 267 divide 107836761?
True
Is 129 a factor of 11636316?
True
Does 10 divide 322244740?
True
Is 2367 a factor of 1102408436?
False
Does 5 divide 2846505?
True
Does 1318 divide 101309190?
False
Is 151342548 a multiple of 12?
True
Is 15 a factor of 29942670?
True
Is 3532839 a multiple of 10?
False
Is 218 a factor of 2596162?
True
Is 314751770 a multiple of 166?
True
Is 411810610 a multiple of 338?
False
Does 1565 divide 63393439?
False
Is 3359 a factor of 128281269?
False
Is 3585 a factor of 52025806?
False
Is 19646602 a multiple of 758?
True
Is 6197127 a multiple of 22?
False
Is 58 a factor of 27692622?
True
Is 925578637 a multiple of 13?
False
Is 31 a factor of 26251234?
True
Is 84107569 a multiple of 2676?
False
Does 46 divide 17773146?
False
Is 501 a factor of 4224857846?
False
Does 45 divide 1612812240?
True
Is 34547094 a multiple of 51?
True
Does 399 divide 1230349180?
False
Is 48067089 a multiple of 1670?
False
Is 637 a factor of 50945349?
True
Is 27 a factor of 5041899?
True
Is 726 a factor of 3024542862?
True
Is 6435792 a multiple of 132?
True
Is 832 a factor of 58229453?
False
Is 1403748 a multiple of 9?
True
Is 19 a factor of 222389375?
False
Is 1161 a factor of 1026869937?
False
Is 406 a factor of 1739804386